{"id":65,"date":"2010-09-07T08:30:46","date_gmt":"2010-09-07T08:30:46","guid":{"rendered":"https:\/\/mediumpurple-heron-149339.hostingersite.com\/informacio-maritima\/"},"modified":"2024-03-07T11:05:12","modified_gmt":"2024-03-07T11:05:12","slug":"informacio-maritima","status":"publish","type":"page","link":"https:\/\/paticatalacalafell.cat\/es\/informacio-maritima\/","title":{"rendered":"Informaci\u00f3n mar\u00edtima"},"content":{"rendered":"\t\t<div data-elementor-type=\"wp-page\" data-elementor-id=\"65\" class=\"elementor elementor-65\" data-elementor-post-type=\"page\">\n\t\t\t\t<div class=\"elementor-element elementor-element-0fe5134 e-flex e-con-boxed e-con e-parent\" data-id=\"0fe5134\" data-element_type=\"container\" data-e-type=\"container\" data-settings=\"{&quot;background_background&quot;:&quot;classic&quot;,&quot;background_motion_fx_motion_fx_scrolling&quot;:&quot;yes&quot;,&quot;background_motion_fx_translateY_effect&quot;:&quot;yes&quot;,&quot;background_motion_fx_translateY_speed&quot;:{&quot;unit&quot;:&quot;px&quot;,&quot;size&quot;:1,&quot;sizes&quot;:[]},&quot;background_motion_fx_translateY_affectedRange&quot;:{&quot;unit&quot;:&quot;%&quot;,&quot;size&quot;:&quot;&quot;,&quot;sizes&quot;:{&quot;start&quot;:0,&quot;end&quot;:100}},&quot;background_motion_fx_devices&quot;:[&quot;desktop&quot;,&quot;tablet&quot;,&quot;mobile&quot;]}\">\n\t\t\t\t\t<div class=\"e-con-inner\">\n\t\t\t\t<div class=\"elementor-element elementor-element-349b167 elementor-invisible elementor-widget elementor-widget-heading\" data-id=\"349b167\" data-element_type=\"widget\" data-e-type=\"widget\" data-settings=\"{&quot;_animation&quot;:&quot;fadeInUp&quot;}\" data-widget_type=\"heading.default\">\n\t\t\t\t<div class=\"elementor-widget-container\">\n\t\t\t\t\t<h1 class=\"elementor-heading-title elementor-size-default\">Informaci\u00f3 mar\u00edtima<\/h1>\t\t\t\t<\/div>\n\t\t\t\t<\/div>\n\t\t\t\t\t<\/div>\n\t\t\t\t<\/div>\n\t\t<div class=\"elementor-element elementor-element-56c6455 e-flex e-con-boxed e-con e-parent\" data-id=\"56c6455\" data-element_type=\"container\" data-e-type=\"container\" data-settings=\"{&quot;background_background&quot;:&quot;classic&quot;}\">\n\t\t\t\t\t<div class=\"e-con-inner\">\n\t\t\t\t<div class=\"elementor-element elementor-element-0e2a832 elementor-widget elementor-widget-text-editor\" data-id=\"0e2a832\" data-element_type=\"widget\" data-e-type=\"widget\" data-widget_type=\"text-editor.default\">\n\t\t\t\t<div class=\"elementor-widget-container\">\n\t\t\t\t\t\t\t\t\t<div id=\"t3-mainbody\" class=\"container t3-mainbody\"><div class=\"row\"><div id=\"t3-content\" class=\"t3-content col-xs-12\"><div class=\"item-page clearfix\"><article><section class=\"article-content clearfix\"><p>La Generalitat de Catalunya, a trav\u00e9s Catalunya R\u00e0dio, posa a disposici\u00f3 dels ciutadans un tel\u00e8fon d&#8217;informaci\u00f3 mar\u00edtima a trav\u00e9s del \u00a0<strong>93 201 71 71<\/strong>.<\/p><p>Es tracta d&#8217;un contestador amb informaci\u00f3 molt complerta sobre l&#8217;estat de la mar i la seva predicci\u00f3, amb una tarifa telef\u00f2nica normal.<\/p><\/section><\/article><\/div><\/div><\/div><\/div>\t\t\t\t\t\t\t\t<\/div>\n\t\t\t\t<\/div>\n\t\t\t\t\t<\/div>\n\t\t\t\t<\/div>\n\t\t\t\t<\/div>\n\t\t","protected":false},"excerpt":{"rendered":"<p>Informaci\u00f3 mar\u00edtima La Generalitat de Catalunya, a trav\u00e9s Catalunya R\u00e0dio, posa a disposici\u00f3 dels ciutadans un tel\u00e8fon d'informaci\u00f3 mar\u00edtima a trav\u00e9s del \u00a093 201 71 71. Es tracta d'un contestador [&hellip;]<\/p>\n","protected":false},"author":1,"featured_media":0,"parent":0,"menu_order":54,"comment_status":"open","ping_status":"open","template":"","meta":{"footnotes":""},"class_list":["post-65","page","type-page","status-publish","hentry"],"_links":{"self":[{"href":"https:\/\/paticatalacalafell.cat\/es\/wp-json\/wp\/v2\/pages\/65","targetHints":{"allow":["GET"]}}],"collection":[{"href":"https:\/\/paticatalacalafell.cat\/es\/wp-json\/wp\/v2\/pages"}],"about":[{"href":"https:\/\/paticatalacalafell.cat\/es\/wp-json\/wp\/v2\/types\/page"}],"author":[{"embeddable":true,"href":"https:\/\/paticatalacalafell.cat\/es\/wp-json\/wp\/v2\/users\/1"}],"replies":[{"embeddable":true,"href":"https:\/\/paticatalacalafell.cat\/es\/wp-json\/wp\/v2\/comments?post=65"}],"version-history":[{"count":5,"href":"https:\/\/paticatalacalafell.cat\/es\/wp-json\/wp\/v2\/pages\/65\/revisions"}],"predecessor-version":[{"id":1706,"href":"https:\/\/paticatalacalafell.cat\/es\/wp-json\/wp\/v2\/pages\/65\/revisions\/1706"}],"wp:attachment":[{"href":"https:\/\/paticatalacalafell.cat\/es\/wp-json\/wp\/v2\/media?parent=65"}],"curies":[{"name":"wp","href":"https:\/\/api.w.org\/{rel}","templated":true}]}}

Información marítima

<div data-elementor-type="wp-page" data-elementor-id="65" class="elementor elementor-65" data-elementor-post-type="page">
				<div class="elementor-element elementor-element-0fe5134 e-flex e-con-boxed e-con e-parent" data-id="0fe5134" data-element_type="container" data-e-type="container" data-settings="{&quot;background_background&quot;:&quot;classic&quot;,&quot;background_motion_fx_motion_fx_scrolling&quot;:&quot;yes&quot;,&quot;background_motion_fx_translateY_effect&quot;:&quot;yes&quot;,&quot;background_motion_fx_translateY_speed&quot;:{&quot;unit&quot;:&quot;px&quot;,&quot;size&quot;:1,&quot;sizes&quot;:[]},&quot;background_motion_fx_translateY_affectedRange&quot;:{&quot;unit&quot;:&quot;%&quot;,&quot;size&quot;:&quot;&quot;,&quot;sizes&quot;:{&quot;start&quot;:0,&quot;end&quot;:100}},&quot;background_motion_fx_devices&quot;:[&quot;desktop&quot;,&quot;tablet&quot;,&quot;mobile&quot;]}">
					<div class="e-con-inner">
				<div class="elementor-element elementor-element-349b167 elementor-invisible elementor-widget elementor-widget-heading" data-id="349b167" data-element_type="widget" data-e-type="widget" data-settings="{&quot;_animation&quot;:&quot;fadeInUp&quot;}" data-widget_type="heading.default">
				<div class="elementor-widget-container">
					<h1 class="elementor-heading-title elementor-size-default">Informació marítima</h1>				</div>
				</div>
					</div>
				</div>
		<div class="elementor-element elementor-element-56c6455 e-flex e-con-boxed e-con e-parent" data-id="56c6455" data-element_type="container" data-e-type="container" data-settings="{&quot;background_background&quot;:&quot;classic&quot;}">
					<div class="e-con-inner">
				<div class="elementor-element elementor-element-0e2a832 elementor-widget elementor-widget-text-editor" data-id="0e2a832" data-element_type="widget" data-e-type="widget" data-widget_type="text-editor.default">
				<div class="elementor-widget-container">
									<div id="t3-mainbody" class="container t3-mainbody"><div class="row"><div id="t3-content" class="t3-content col-xs-12"><div class="item-page clearfix"><article><section class="article-content clearfix"><p>La Generalitat de Catalunya, a través Catalunya Ràdio, posa a disposició dels ciutadans un telèfon d&#8217;informació marítima a través del  <strong>93 201 71 71</strong>.</p><p>Es tracta d&#8217;un contestador amb informació molt complerta sobre l&#8217;estat de la mar i la seva predicció, amb una tarifa telefònica normal.</p></section></article></div></div></div></div>								</div>
				</div>
					</div>
				</div>
				</div>

<p>Informació marítima La Generalitat de Catalunya, a través Catalunya Ràdio, posa a disposició dels ciutadans un telèfon d'informació marítima a través del  93 201 71 71. Es tracta d'un contestador [&hellip;]</p>
